 35 - -1. Let t be 200/9 - (64/v)/8. What is the greatest common divisor of t and 2?
2
Let a(u) = u**3 - 2*u**2 - 175*u - 17. Let f be a(-12). Calculate the greatest common factor of 1 and f.
1
Suppose 0 = x - d - d + 8, 4*x - 23 = -3*d. Suppose 5*o + 48 - 7 = 2*p, 2*o = x*p - 44. What is the highest common divisor of 184 and p?
23
Suppose -14*n + 12*n + 47 = -5*o, 0 = -5*o + n - 46. Let s(r) = -7 + 8 + 10 + r. Let c be s(o). What is the highest common factor of c and 10?
2
Suppose -4*v = 3*p - 0*p - 172, 3*p - 164 = 4*v. Calculate the greatest common factor of 154 and p.
14
Let z be -2 + 2 + -309 + -3. Let f be z/(-15) + 8/(-10). Let d be (48/(-10))/((-6)/225). What is the highest common divisor of d and f?
20
Suppose i = -2*s + 95, 7*s + 4*i = 8*s - 25. Calculate the greatest common factor of 135 and s.
45
Suppose -5 = 3*z + 7. Let p be (2/(-3))/(z/30). Suppose 1 - p = -2*v. Calculate the greatest common factor of v and 1.
1
Suppose -4*b + 1213 = 5*g, -4*b + 5*g - 322 = -5*b. What is the highest common divisor of 33 and b?
33
Let w(x) = x**3 - 7*x**2 + 7*x - 5. Let z be w(5). Let h = z - -80. Let s be (-1)/(1 - h/56). Calculate the highest common factor of s and 7.
7
Let x be 22/4*(-12 - 2). Let l = -51 - x. What is the greatest common divisor of l and 52?
26
Let h(y) be the third derivative of y**4/24 + 17*y**3/6 - 10*y**2. Let j be h(6). Calculate the greatest common divisor of j and 207.
23
Suppose 3*t = -2*f + 180, -5*t + 2*t + 4*f + 198 = 0. Let i be (-438)/(-14) - 14/49. What is the highest common factor of t and i?
31
Suppose 2*r + 15 = 5*r - 2*v, -2*r = -3*v - 10. Suppose 5*j + 35 = r*f, -2*f - 5*j = 2*f - 64. Calculate the greatest common factor of 33 and f.
11
Suppose m - 1318 = -3*h - m, 2*h + 2*m - 878 = 0. Suppose 2*d - 3*n - 68 = 0, -2*d + 2*n - 168 = -6*d. Calculate the highest common divisor of h and d.
40
Let d = -640 - -641. What is the highest common factor of 89 and d?
1
Suppose 0 = -0*d - 5*d - 50. Let a be (-104)/40 + 4/d. Let w be (-7)/((-21)/6 - a). What is the highest common divisor of w and 14?
14
Suppose -2*i = -4*t - 22, -2*i - t - 16 = -6*i. Let h be i/(-7 - -4) - -15. Calculate the highest common divisor of h and 28.
14
Let g = -133 - -298. Let p be g + 0 + 15 + -12. Calculate the greatest common factor of p and 21.
21
Suppose -2*l - 814 = -7*l - 3*k, 0 = 2*k + 4. Calculate the highest common factor of l and 8.
4
Suppose 5*s - 5*b - 1 = 34, 16 = s - 4*b. Let a = 66 - 54. Suppose 9*f - a*f + 108 = 0. What is the greatest common divisor of f and s?
4
Let c = -2 - -8. Suppose -4*q = -l + 46, 3*q = 4*l + 74 - 323. What is the greatest common divisor of l and c?
6
Suppose 5 = -0*r - 5*r. Let h be (17/5)/(r/(-5)). Suppose 5*m = -a + 182, -4*a + 7*a - 5*m = 566. Calculate the highest common divisor of h and a.
17
Suppose -3 - 17 = -3*k + 5*j, 4*k - 12 = 3*j. Suppose k = 3*o + 9, 4*o + 16 = 3*x - 122. Calculate the greatest common divisor of x and 14.
14
Let x = -235 + 239. Calculate the greatest common factor of x and 68.
4
Suppose -2*b + 8 = 2*b. Suppose 5*v - 2*m = 262, 5*v - 4*m - 160 = b*v. What is the highest common divisor of v and 13?
13
Let m be 22/(-10) - -2 - 5781/(-205). Calculate the highest common divisor of 1484 and m.
28
Suppose -2*c + p = -61, 5*c - 3*p = p + 157. What is the highest common factor of c and 290?
29
Suppose -14*q + 763 = -903. What is the greatest common divisor of 68 and q?
17
Suppose 76 = 4*t - 20. Let u be (-2 - (-56)/3) + (-4)/6. What is the highest common divisor of t and u?
8
Suppose w + w = 10. Let g be (-85)/(-1)*11/w. Calculate the highest common factor of 17 and g.
17
Suppose 2*p - 3*p = 6. Let w be 21 - 2/p*-3. Let r be 1/(-2 + (-21)/(-9)) + 57. Calculate the greatest common factor of w and r.
20
Let n be -1*1 + (27 - -6). What is the highest common divisor of 816 and n?
16
Let c be 802/32 - (-3)/(-48). What is the greatest common divisor of c and 95?
5
Let c be -270*6/((-12)/1). What is the greatest common divisor of c and 90?
45
Suppose -b + 213 = 59. Let x be (-18)/(-22) - (-28)/b. What is the greatest common divisor of x and 8?
1
Let f = 1489 - 1405. Calculate the highest common factor of f and 210.
42
Let m = -79 + 81. Suppose -j - m*h + 13 = 0, 0*h + 2*h = 4. What is the greatest common factor of j and 72?
9
Let n(z) = z + 78. Let r be n(-3). Calculate the highest common factor of r and 135.
15
Let m = 100 + 12. What is the greatest common divisor of m and 32?
16
Let y be (3/(-9))/(1/(-15)). Suppose 1302 + 282 = 4*z. Suppose z = 4*q - p, 2*q - 314 = -q + y*p. What is the greatest common divisor of q and 14?
14
Let r(i) = -i**3 - 9*i**2 + 7*i - 15. Let v be r(-10). Suppose 2*z - 7*z = 5*b - v, b = 5*z - 9. Calculate the greatest common factor of z and 6.
2
Let x = 41 - 36. Suppose x*n + 3*n = 280. What is the greatest common divisor of 35 and n?
35
Suppose 27 + 33 = 3*r. Let m be (-5)/15*0/(-2). Suppose -5*t + r = -m*t. What is the highest common divisor of 12 and t?
4
Suppose 471*s = 469*s + 72. Let y = 4 + -2. Let u be (14 - 2)*(0 + y). What is the highest common divisor of u and s?
12
Let v = 480 - 208. Calculate the greatest common factor of 1496 and v.
136
Suppose a + 135 = 5*a - 3*v, 3*a - 2*v - 100 = 0. Suppose -5*i - 2*m + 27 = -24, 0 = -3*i - m + a. Calculate the highest common factor of i and 81.
9
Let y(c) = c**3 - 13*c**2 + 15*c - 19. Let o be y(12). Calculate the highest common factor of 187 and o.
17
Let q be (-73)/(-292) - (-3)/4. Let z(r) = -r**2 - 6*r + 3. Let l be z(-6). Calculate the greatest common factor of l and q.
1
Let x(a) = -a**2 - 8*a - 5. Let q be x(-6). Let y = q + -3. Let r be 36/(-27)*(-378)/y. What is the greatest common factor of 14 and r?
14
Let p be (2/(-4))/(3/(-18)). Suppose -k = -p*k + 2. Let a be 1530/10 - k/(-1). What is the highest common divisor of a and 22?
22
Let n be (-2 - 0)*((-1)/(-1) + -5). Calculate the greatest common divisor of n and 344.
8
Let y be (-102 + 93)/(0 + (-3)/2). What is the greatest common factor of 246 and y?
6
Let s = 102 + -95. Calculate the highest common divisor of s and 77.
7
Suppose z - 23 = -4*j, z = j + 45 - 42. Suppose 0 = -3*b + 21 + 84. What is the highest common divisor of z and b?
7
Suppose 21*s = 10*s + 495. Suppose p - 66 = -s. Calculate the greatest common factor of p and 14.
7
Let k = -828 - -958. Calculate the highest common divisor of 1170 and k.
130
Suppose 66 + 222 = 2*i. What is the greatest common factor of i and 54?
18
Let q(n) = n**2 - 13. Let l be q(4). Suppose l*a - 213 = -48. Suppose -v - v = -8, 3*w = 2*v + 25. What is the greatest common divisor of a and w?
11
Suppose z + h + 219 = 0, 5*z - 2*h = -0*h - 1074. Let x = z - -324. Let g = -1 + 13. What is the greatest common factor of x and g?
12
Let x(t) = 5*t**2 + 2*t + 3 + 0*t - 2*t**2. Let v be x(5). What is the highest common divisor of v and 11?
11
Let w = -57 + 60. Suppose 10 + 15 = 5*u + w*p, 2*u = 4*p - 16. Calculate the greatest common divisor of 16 and u.
2
Let q(f) = -5*f**2 - 5*f - 5. Let u be q(-3). Let j = 464 + u. Calculate the highest common factor of 39 and j.
39
Let j = -470 - -516. What is the highest common factor of j and 207?
23
Let o(s) = -3*s**2 + 47*s - 182. Let i be o(8). Let w be 25/(-3) - (-8)/(-12). Let j = w + 31. What is the greatest common factor of i and j?
2
Suppose 30*k = k + 2784. What is the highest common factor of 240 and k?
48
Let r(w) = 4*w**2 + w. Let p be r(1). Suppose m - 2*m = -4*d + 3, 0 = -5*d + 15. Suppose -m = -2*g + p. Calculate the greatest common factor of 77 and g.
7
Let c be (-3)/4*-4 - -454. Suppose 3*b - 5*m - 208 - c = 0, -b + 229 = 2*m. Calculate the highest common divisor of 25 and b.
25
Suppose -3*q + 6*q - 4*u = -252, -q + 5*u = 73. Let w = -73 - q. Calculate the highest common divisor of 105 and w.
15
Let s = -11 + 8. Let n be (s/5)/(3/(-30)). Let j be -3*-14*1/n. What is the highest common divisor of 49 and j?
7
Let j be (-41502)/(-102) - 16/(-136). What is the highest common factor of j and 55?
11
Let h = 57 - 22. Let f be h/15*(-45)/(-3). What is the highest common factor of 7 and f?
7
Let l be (-3 - 3/1)*-199. Suppose -3*h - 1086 - l = 0. Let w be 4/(-14) + h/(-14). Calculate the highest common factor of 36 and w.
18
Let i(p) = -24*p**3 + 3*p**2 + 7*p + 11. Let r